
In base 9, what is 1 + 120?
121
In base 9, what is -3 + -1?
-4
In base 4, what is -13 + -2?
-21
In base 3, what is -210 + -102?
-1012
In base 15, what is -4 - 589?
-58d
In base 15, what is -144 + -4?
-148
In base 12, what is a7 + 76?
161
In base 15, what is b08 + -5?
b03
In base 15, what is 4 - b?
-7
In base 11, what is 119 + -7?
112
In base 6, what is 5 - -413?
422
In base 13, what is 0 + 117?
117
In base 5, what is -21034 + -42?
-21131
In base 16, what is 30 - -d?
3d
In base 14, what is 3 - 0?
3
In base 9, what is 13 + 358?
372
In base 5, what is 13433 - -4?
13442
In base 8, what is -30 + -171?
-221
In base 11, what is -21 + 107?
96
In base 14, what is 3 - 79?
-76
In base 7, what is -12 - -100?
55
In base 16, what is -1 - -41?
40
In base 15, what is -50 - -5a?
a
In base 5, what is 0 - 12343?
-12343
In base 16, what is 315 + 3?
318
In base 13, what is 83 - -6?
89
In base 6, what is -150 - -4?
-142
In base 13, what is -2a + -98?
-c5
In base 8, what is -2220 + 4?
-2214
In base 12, what is 3 - -26?
29
In base 3, what is -22110201 + 1?
-22110200
In base 12, what is -6 - -35?
2b
In base 13, what is 2a - 0?
2a
In base 5, what is 10 + 14322?
14332
In base 15, what is 16 + d?
24
In base 14, what is -33 + 26?
-b
In base 6, what is -12405 - 5?
-12414
In base 11, what is -22 + 6?
-17
In base 12, what is 71 - -24?
95
In base 11, what is -295 - -11?
-284
In base 8, what is 11026 + 3?
11031
In base 15, what is -5 - 60?
-65
In base 13, what is -5 + 568?
563
In base 12, what is 21 - 27?
-6
In base 16, what is -3ad + -2?
-3af
In base 13, what is -42 + 0?
-42
In base 15, what is 57b + 1?
57c
In base 3, what is 12 - 21101?
-21012
In base 5, what is -13420 + 3?
-13412
In base 11, what is 22 - -11?
33
In base 10, what is 925 - -5?
930
In base 14, what is 31 + -1c?
13
In base 3, what is 112 - 110?
2
In base 5, what is 1 - 40?
-34
In base 6, what is -31 + -5042?
-5113
In base 13, what is -12 + a?
-5
In base 13, what is 166c - -1?
1670
In base 2, what is 1000100111 + -10?
1000100101
In base 12, what is -2a + 1?
-29
In base 3, what is -1 - 1201001?
-1201002
In base 12, what is 0 + -189?
-189
In base 7, what is 21 + 234?
255
In base 8, what is -1 + 2412?
2411
In base 16, what is f - 4?
b
In base 9, what is 113 - 3?
110
In base 6, what is -1 + 2102?
2101
In base 10, what is 8 - 437?
-429
In base 14, what is -97 - 8?
-a1
In base 5, what is -12124 + 10?
-12114
In base 2, what is 110110 + 101110?
1100100
In base 6, what is -324 - 121?
-445
In base 11, what is -5 - 353?
-358
In base 15, what is -5 - -29?
24
In base 7, what is 5 + -222?
-214
In base 12, what is 4 + -4b?
-47
In base 3, what is -10 + -12012002?
-12012012
In base 2, what is 10101 + -1010111?
-1000010
In base 3, what is -1022 - -12?
-1010
In base 14, what is d - c2?
-b3
In base 14, what is 3 + 8d?
92
In base 3, what is -10 - 1?
-11
In base 15, what is 2 - 37?
-35
In base 7, what is -3532 + 5?
-3524
In base 10, what is -1755 + -1?
-1756
In base 6, what is 2 + -2155?
-2153
In base 13, what is -22 - -b?
-14
In base 4, what is 0 + -130?
-130
In base 4, what is 1031 + -3?
1022
In base 13, what is 688 + 2?
68a
In base 4, what is -1 + -123?
-130
In base 9, what is 3 + 1581?
1584
In base 2, what is 1000 + -111001001?
-111000001
In base 3, what is -2010 + 2021?
11
In base 14, what is -84 - -3?
-81
In base 10, what is 5 - 4671?
-4666
In base 2, what is -101011111 - 101?
-101100100
In base 16, what is -548 + -4?
-54c
In base 11, what is -32 - -13?
-1a
In base 6, what is 301 - -5?
310
In base 6, what is 5 + 121?
130
In base 12, what is -1494 - -2?
-1492
In base 11, what is 206 + -66?
150
In base 10, what is 1 + -1848?
-1847
In base 2, what is 1010001111000 + 10?
1010001111010
In base 15, what is c8 + 20?
e8
In base 16, what is -19e + 2?
-19c
In base 6, what is -3 - -51323?
51320
In base 7, what is -163 - -5?
-155
In base 14, what is -3b + -8?
-45
In base 2, what is 0 + -10111001101?
-10111001101
In base 8, what is 2202 - -2?
2204
In base 4, what is 13 + 12323?
13002
In base 11, what is 7 - -34a?
356
In base 9, what is 1 - 123?
-122
In base 2, what is -100 - -110100?
110000
In base 10, what is -3 - 10?
-13
In base 13, what is 133 + -24?
10c
In base 14, what is 6 - -922?
928
In base 5, what is -3 + -34?
-42
In base 16, what is 9 - -4a?
53
In base 9, what is 2 - -847?
850
In base 5, what is 103 + 0?
103
In base 11, what is -16 - -14?
-2
In base 7, what is 2530 + -1?
2526
In base 16, what is -60 - -1?
-5f
In base 3, what is 10 - 1022?
-1012
In base 8, what is -50 - -1200?
1130
In base 6, what is -4 + 231?
223
In base 10, what is -402 + -1?
-403
In base 7, what is 43 - 1?
42
In base 4, what is 2300 - 11?
2223
In base 6, what is 4 + -1301?
-1253
In base 3, what is -12012010 + -21?
-12012101
In base 6, what is 3 + -13?
-10
In base 15, what is -1c + 3?
-19
In base 14, what is -2934 + -2?
-2936
In base 6, what is -4 - 4?
-12
In base 5, what is -11 - -422?
411
In base 5, what is 11 + 10421?
10432
In base 15, what is a - -5ed?
608
In base 8, what is 5 - 644?
-637
In base 5, what is 14 + -1433?
-1414
In base 5, what is -14 + 12?
-2
In base 3, what is -12220 - -10200?
-2020
In base 12, what is 11 + -3?
a
In base 2, what is 101010011 + 110?
101011001
In base 14, what is 3 + 223?
226
In base 6, what is -1 - 33?
-34
In base 11, what is -58 + 7?
-51
In base 9, what is -1 + 11?
10
In base 16, what is a + -a?
0
In base 6, what is 14 + -201?
-143
In base 3, what is -2011 - -10?
-2001
In base 10, what is -188 + 4?
-184
In base 5, what is 4 - 30?
-21
In base 14, what is 90 + -3?
8b
In base 11, what is 1 - -231?
232
In base 11, what is -18 + -1a?
-37
In base 15, what is 4 - 81e?
-81a
In base 4, what is -1233 + 3?
-1230
In base 11, what is -1 - -117?
116
In base 11, what is -1a2 + 1?
-1a1
In base 2, what is -1 - -1110011?
1110010
In base 11, what is 0 - -1895?
1895
In base 7, what is -51 + -314?
-365
In base 6, what is 131 + 34?
205
In base 9, what is -4 - -1264?
1260
In base 7, what is -26 - 166?
-225
In base 10, what is 10 + 8?
18
In base 16, what is 3f6 + -4?
3f2
In base 5, what is -4 - 3?
-12
In base 13, what is 10 + -397?
-387
In base 8, what is 2075 + -4?
2071
In base 11, what is 1344 - -3?
1347
In base 11, what is 4036 + 3?
4039
In base 14, what is b + -31?
-24
In base 4, what is -20 + 123223?
123203
In base 12, what is -5 - -7a8?
7a3
In base 14, what is 45b + -4?
457
In base 11, what is -1 - 164a?
-1650
In base 4, what is 11322 - 2?
11320
In base 12, what is -28 + 38?
10
In base 9, what is -5 + -208?
-214
In base 13, what is -28 - 7?
-32
In base 3, what is 0 - -1000?
1000
In base 8, what is -2144 + -2?
-2146
In base 3, what is 112 + -1001?
-112
In base 2, what is 10110110 + 10?
10111000
In base 10, what is -22 + -9?
-31
In base 5, what is -2 + -1141?
-1143
In base 9, what is -4 - 38?
-43
In base 11, what is a + 48?
57
In base 6, what is -3 + 23212?
23205
In base 4, what is -2 + 20?
12
In base 10, what is 10393 - 1?
10392
In base 14, what is 9d9 + 5?
a00
In base 8, what is -413 + 3?
-410
In base 3, what is 111211 + 2?
111220
In base 13, what is 190 + -4?
189
In base 16, what is -4d1 - -3?
-4ce
In base 4, what is -1220 + 2?
-1212
In base 2, what is 10000 - 100001?
-10001
In base 7, what is -10410 + -5?
-10415
In base 4, what is 11 - -3010?
3021
In base 14, what is -8 + 335?
32b
In base 13, what is -1 - 3?
-4
In base 4, what is -2 - 103?
-111
In base 15, what is 2 + 16b?
16d
In base 12, what is -a + -a?
-18
In base 12, what is 341 - -1?
342
In base 12, what is 1895 + -3?
1892
In base 4, what is 2 - -132132?
132200
In base 3, what is -1 - -222020?
222012
In base 9, what is 13 + 3?
16
In base 7, what is -416 + -2?
-421
In base 3, what is -2101 - 10?
-2111
In base 12, what is a + 9?
17
In base 11, what is 19 + -180?
-162
In base 2, what is -100 + 110111001011?
110111000111
In base 14, what is 0 + 9b1?
9b1
In base 12, what is -3 - 1a89?
-1a90
In base 13, what is -4b + -71?
-bc
In base 8, what is 235 - 12?
223
In base 10, what is 5 + 70?
75
In base 12, what is -10 + a?
-2
In base 5, what is -131 - 2?
-133
In base 10, what is 42 + -7?
35
In base 12, what is 9 + 25?
32
In base 10, what is -141 - 40?
-181
In base 2, what is 10 - 1101?
-1011
In base 8, what is -5 + -5060?
-5065
In base 2, what is 100 + -1101?
-1001
In base 11, what is -6 + -2?
